 204*y**2 - 46*y + 373. What are the prime factors of j(7)?
3, 17, 197
Let d(y) = 385*y - 131. What are the prime factors of d(8)?
3, 983
Let s(f) = 7*f + 307. Let u be s(-43). Suppose 4*c + 5*d = 1525, -u*c = -4*c + 3*d - 761. What are the prime factors of c?
5, 7, 11
Suppose 2*p - 6806 = t, -15*p = -12*p + 2*t - 10216. List the prime factors of p.
2, 23, 37
Let v(s) = -3*s - 4. Let q = -27 + 31. Let n be v(q). List the prime factors of 621/12 - 4/n.
2, 13
Let a(y) = 4*y**3 + 4*y**2 - 4. Let l be a(-2). Let f be ((2 - l/(-8)) + 1)*-454. Let i = -55 - f. List the prime factors of i.
2, 43
Let l(g) = 10*g + 37. Let x(y) = 29*y + 110. Suppose 2*r - 2 = h, 4*r = -h - h + 12. Let j(q) = r*x(q) - 7*l(q). List the prime factors of j(-14).
3, 43
Let n(b) = 4*b**2 - 1. Let r be n(-1). Let j = r + 9. What are the prime factors of 6*((-28)/j - -3)?
2
Suppose 1201 = 3*p + 5*r, 2*p - 5*r = -p + 1211. Let h = -292 + p. What are the prime factors of h?
2, 5, 11
Let g = -25 + 28. Suppose 2*j + g*m - 38 = -m, 0 = -m - 5. Let o = -20 + j. What are the prime factors of o?
3
Let g = 58 - 45. Suppose -g*q = -12*q + 31. Let m = 169 + q. What are the prime factors of m?
2, 3, 23
Let o = -8455 + 20960. List the prime factors of o.
5, 41, 61
Let j(f) = 130*f**2 - 3*f - 7. Let n(l) = -65*l**2 + l + 3. Let t(a) = 4*j(a) + 9*n(a). Let m be t(-3). Let p = -400 - m. List the prime factors of p.
3, 59
Let p(h) = 5*h**2 + 87*h**2 + 41*h**2 - 90*h + 5 - 62*h**2. What are the prime factors of p(5)?
2, 5, 7, 19
Suppose 5*n - 3788 = 2892. Suppose -n = 26*t - 30*t. List the prime factors of t.
2, 167
Suppose 6*y - 5*r = 10*y - 18617, 23264 = 5*y - r. What are the prime factors of y?
3, 11, 47
Let z(d) = -5176*d - 5360. List the prime factors of z(-6).
2, 11, 73
Suppose -1 - 38 = -g. Let u = g - 42. Let r = u + 15. List the prime factors of r.
2, 3
Let q(o) = 6*o**2 - 35*o + 161. Let c(u) = u**3 + 15*u**2 + 14*u + 11. Let z be c(-14). List the prime factors of q(z).
2, 251
Suppose -2*d + 2*n + 446 = 4*n, -2*d + 2*n = -438. Suppose 3*k - g = 289, 5*g - d = k - 3*k. What are the prime factors of -1 + 1 + -2 + k + 27?
3, 41
Let i be (-20)/6*39/(-2). Let o = -2151 - -2151. Suppose o = -9*y + i - 11. What are the prime factors of y?
2, 3
Let q = -22260 + 55304. List the prime factors of q.
2, 11, 751
Suppose 76*k - 323388 = 901960. List the prime factors of k.
23, 701
Let f = 2534 + 29398. List the prime factors of f.
2, 3, 887
Let v(f) = f - 7. Let g(u) = u**2 - u. Let p(s) = 4*g(s) - 2*v(s). Let m be p(5). List the prime factors of (-14)/(-4)*288/m.
2, 3
Let n be 5*2/((-4)/2). Let x(l) = 44*l - 9. Let w be x(n). Let v = -79 - w. List the prime factors of v.
2, 3, 5
Suppose -3 = -2*s - 3*f, -3*s + 9*f + 5 = 13*f. Suppose -4*m + 552 = 4*u, s*m - 409 = u + u. What are the prime factors of m?
137
Let r = -39 - -35. Let u = r - -260. What are the prime factors of u?
2
Let p(g) = 29*g - 3. Let f be p(5). Suppose 0 = 90*o - 80*o - 20. Suppose 0*y = -2*y + o*i + f, 162 = 2*y + 2*i. List the prime factors of y.
2, 19
Suppose 3*v - 14145 = 5*b + 34211, -4*b - 48361 = -3*v. List the prime factors of v.
16127
Let h(v) = 2*v**2 + 6*v + 6. Let m be h(-4). Suppose -5*q - 6 = m. What are the prime factors of q/(-10) - (4 + 1640/(-25))?
2, 31
List the prime factors of (-64899)/(-5*(153/(-90) - -2)).
2, 3, 7211
Let k = 135 - 140. List the prime factors of (-156)/k*(-1140)/(-24).
2, 3, 13, 19
Let c be 2*1/(2/(-1)) + 12. Suppose -2*l = -3*l + c. Suppose 14*m = l*m + 771. List the prime factors of m.
257
Let a be (866/3)/((-3)/(180/8)). Let f = 3716 + a. Suppose o = -10*o + f. What are the prime factors of o?
3, 47
Suppose -24*s + 153977 = 2*k - 21*s, -3*k + 3*s = -230943. List the prime factors of k.
2, 9623
Let a(j) = -2*j**3 - 46*j**2 - 2*j - 14. Let r be a(-23). Suppose 372 = 2*g - 6*g. Let s = r - g. List the prime factors of s.
5
Let m(t) = -11*t**2 + 5*t + 33. Let w(q) = -10*q**2 + 5*q + 33. Let v(n) = 6*m(n) - 7*w(n). List the prime factors of v(-12).
3, 67
Let v be (-3 + 11)*(-3)/(-4). Let q(k) = 18*k**2 - 13*k + 52. What are the prime factors of q(v)?
2, 311
Let i(z) = z**2 + 24*z - 176. Let o be i(-30). What are the prime factors of (-1762)/(o/12*-3)?
2, 881
Let w(j) = 43*j**2 + 6*j - 425 + 6*j + 211 + 206. List the prime factors of w(-5).
19, 53
Let o(k) be the third derivative of -k**4/24 - k**3/3 - k**2. Let q be o(-7). Suppose -420 = -3*x + 3*d, q*d = -5*x - 4 + 714. What are the prime factors of x?
3, 47
Let z(r) = r**3 - 17*r - 7. Let y be z(-6). Let p = 523 + -353. Let a = y + p. What are the prime factors of a?
7
Let w(r) = -r**3 - 8*r**2 - 2*r + 5. Let a be w(-6). Suppose 335 = 3*c - 2*q, 82 = 5*c - q - 467. Let k = c + a. List the prime factors of k.
2, 3
What are the prime factors of ((-3)/(12/15746))/((-11)/66*1)?
3, 7873
Let i(m) = 19*m**2 - 9 - 5*m**3 - 17*m + m**3 + 5*m**3 - 10*m**2. List the prime factors of i(-8).
191
Let c = -15185 + 69985. What are the prime factors of c?
2, 5, 137
Suppose 0*x + 4849 = n + x, -28 = -4*x. List the prime factors of n.
2, 3, 269
Let w = 92 + -188. Let q = -92 - w. What are the prime factors of ((-6)/q)/(8/(13344/(-18)))?
139
Suppose -11*c + 2462 = 2*y - 15*c, 4*c - 2486 = -2*y. Suppose -4*h - m + 4928 = 0, -h + 29*m + y = 28*m. List the prime factors of h.
3, 137
Suppose -11*a = -417 - 804. Suppose -b = -101 - a. What are the prime factors of b?
2, 53
Suppose 3*d = -3*v - 3, d + 13 = 3*d - v. Suppose d = -10*z + 12*z. Suppose z*s + 13*s = 75. List the prime factors of s.
5
Suppose -2*s + 316 = 3*b - 2241, 0 = b - 5. What are the prime factors of s + -60 + -1 + -1?
3, 13, 31
Suppose -4*o + 0*o = x - 21, -4*x + 2*o + 12 = 0. Suppose 0 = -5*a + a + 560. Suppose 5*f + x*q + 27 = 197, 0 = 4*f + 5*q - a. List the prime factors of f.
2, 3, 5
Let j(c) = c**3 + 15*c**2 + 11*c + 46. Suppose 44*i - 46*i - 24 = 0. List the prime factors of j(i).
2, 173
Let j = 320 + -315. Let p = 6 - 3. Suppose 8 = -p*s + 2*f + 506, 0 = 5*s + j*f - 855. What are the prime factors of s?
2, 3, 7
Let u be (7/((-14)/(-4)))/((-4)/(-6)). What are the prime factors of (u - (-10)/(-2))*966/(-28)?
3, 23
Let o(f) = 7*f**3 + 588*f**2 - 187*f - 75. List the prime factors of o(-84).
3, 193
Let v(o) be the first derivative of o**4/4 + o**3/3 + 3*o**2/2 - 20*o - 54. List the prime factors of v(8).
2, 5, 29
Let j(v) = 102*v**2 - 155*v - 56. Let h be j(-28). Suppose -h = -48*a - 7260. What are the prime factors of a?
2, 401
Let a = 47 + -47. Suppose 2*z = 2*h + 6, a = -h - 3*z - z + 12. Suppose 4*y = -c + 236, -c + 3 - 7 = h. What are the prime factors of y?
2, 3, 5
Let z be 273/147 + 2/14. Suppose t - z*q = 0, 0*t + 2*q = 3*t. Suppose t = -4*n - n + 4*o + 382, -3*n + 240 = 3*o. What are the prime factors of n?
2, 3, 13
Suppose -3*t = -p - 58295, 2*p = 54*t - 49*t - 97158. What are the prime factors of t?
2, 7, 347
Suppose 9*s - 22*s = -101917 + 19146. List the prime factors of s.
6367
Let o(k) = -11*k**3 + 5*k**2 + 64*k - 42. What are the prime factors of o(-10)?
2, 3, 601
Suppose 5*n - 7*n = -2. Let w be n/((3 - -1)/8). Suppose 0 = -0*o + w*o - 5*j - 89, 2*o - j - 69 = 0. What are the prime factors of o?
2
Let i = 35095 + -15325. List the prime factors of i.
2, 3, 5, 659
Let m(b) = -6382*b - 2333. What are the prime factors of m(-4)?
5, 4639
Suppose 12*k - 10*k - 12 = 0. Suppose -36 = 3*c - k*c. Suppose 176 = -8*u + c*u. List the prime factors of u.
2, 11
Let r(d) = 10*d**3 - 10*d + 21 - 20*d**3 + 9*d**3 + 7*d**2. Let b be (-16)/(-20)*5 - 0. What are the prime factors of r(b)?
29
Let w(c) be the first derivative of 0*c**2 + 86*c + 38 + 1/3*c**3. List the prime factors of w(0).
2, 43
Suppose 2136*x - 2212*x = -1795728. List the prime factors of x.
2, 3, 11, 179
Let g = 76 - 72. Let j be 42/5*80/12. Suppose -280 + j = -g*w. What are the prime factors of w?
2, 7
Suppose 25*t = 30*t - 65. What are the prime factors of 296/5*(t + -8)?
2, 37
Let t(a) = 365*a**3 + 6*a**2 + 11*a + 24. Let b be t(8). List the prime factors of (b/280)/((-4)/(-10)).
7, 239
Let b(k) = 56*k**2 - 31*k + 485. List the prime factors of b(14).
11027
Let g(z) = 12*z**2 + 18*z - 62. Let t = 333 + -326. List the prime factors of g(t).
2, 163
Let o = 201 - 197. Suppose -5*w + 3*l = -3*w - 2317, 4*l = -o*w + 4684. What 